e 16) to base 3.
-111001110
-14546 (base 8) to base 13
-2c62
65 (base 8) to base 6
125
What is 205202 (base 6) in base 9?
24822
What is 589 (base 13) in base 3?
1022111
461 (base 14) to base 4
31211
What is 151201 (base 7) in base 8?
71106
Convert 6307 (base 9) to base 8.
11020
Convert 202110 (base 3) to base 9.
673
Convert 2600 (base 7) to base 15.
455
-3115 (base 6) to base 16
-2b7
Convert 377 (base 9) to base 10.
313
What is 2440 (base 5) in base 15?
19a
11132 (base 4) to base 13
20c
Convert 3005 (base 8) to base 3.
2010002
Convert a4 (base 15) to base 9.
181
-a (base 12) to base 5
-20
Convert -2302a (base 12) to base 13.
-18337
2880 (base 13) to base 2
1011011011010
What is 10002 (base 4) in base 16?
102
What is -1c0 (base 13) in base 6?
-1301
What is 625 (base 16) in base 7?
4405
Convert 10111110000 (base 2) to base 13.
8cc
Convert 20870 (base 9) to base 16.
3609
Convert -20320031 (base 4) to base 6.
-440205
What is 43210 (base 6) in base 16?
1716
Convert -58c (base 14) to base 5.
-13404
What is 25102 (base 7) in base 4?
1212220
-2102202 (base 3) to base 15
-7d5
-45c4 (base 15) to base 14
-557b
What is 461 (base 10) in base 3?
122002
What is -1769 (base 16) in base 4?
-1131221
-60624 (base 7) to base 10
-14718
What is 1bb (base 13) in base 14?
191
What is 11271 (base 9) in base 6?
54444
1321231 (base 4) to base 14
2ba5
1806 (base 12) to base 14
10a2
785 (base 9) to base 16
284
20222 (base 4) to base 6
2322
Convert -2329 (base 10) to base 14.
-bc5
What is -1915 (base 13) in base 9?
-5111
Convert 562 (base 8) to base 5.
2440
What is 2990 (base 11) in base 7?
14140
Convert 56303 (base 7) to base 14.
5273
406 (base 11) to base 2
111101010
Convert 225010 (base 8) to base 14.
1db3a
Convert 107c (base 13) to base 7.
6464
1612 (base 11) to base 8
4026
Convert 27a6 (base 16) to base 3.
111220221
-34020 (base 8) to base 6
-150240
Convert 24b00 (base 12) to base 7.
265452
Convert 2434 (base 14) to base 16.
18ae
-1330343 (base 5) to base 8
-64535
Convert 215210 (base 6) to base 14.
67c2
What is 907 (base 13) in base 2?
10111111000
Convert 19dc (base 14) to base 9.
6404
What is -211211 (base 4) in base 6?
-15045
Convert -111110010 (base 2) to base 8.
-762
Convert -cd5 (base 15) to base 7.
-11312
Convert -1110002201 (base 3) to base 15.
-86a4
What is -267 (base 8) in base 4?
-2313
2400013 (base 5) to base 7
241401
310210 (base 4) to base 11
2589
-35123 (base 7) to base 16
-2318
What is -9524 (base 10) in base 3?
-111001202
Convert 117607 (base 8) to base 12.
1b773
856 (base 11) to base 7
3000
-1827 (base 9) to base 7
-4042
Convert 505 (base 7) to base 14.
13c
-124200 (base 5) to base 15
-16d5
What is -1231 (base 4) in base 6?
-301
Convert 278 (base 16) to base 9.
772
What is 844 (base 11) in base 5?
13031
What is 25242 (base 8) in base 10?
10914
Convert -98 (base 13) to base 6.
-325
What is 1a76 (base 11) in base 13?
126b
-b21 (base 15) to base 4
-213022
Convert 79dd (base 15) to base 16.
6502
What is -1010100000 (base 2) in base 14?
-360
What is 2234 (base 12) in base 5?
110114
Convert -384b (base 15) to base 7.
-46655
150 (base 9) to base 2
1111110
What is -1a12 (base 15) in base 10?
-5642
What is -131121 (base 4) in base 16?
-759
4d1 (base 14) to base 3
1022211
Convert 12a95 (base 14) to base 15.
d965
What is 342133 (base 5) in base 14?
4612
What is -2320 (base 14) in base 4?
-1133120
Convert 145033 (base 7) to base 14.
a38a
What is -1670 (base 8) in base 6?
-4224
Convert -74105 (base 8) to base 10.
-30789
-34 (base 6) to base 15
-17
-1553c (base 14) to base 9
-80837
101101010 (base 2) to base 4
11222
1006 (base 16) to base 4
1000012
Convert 1030 (base 9) to base 4.
23310
46184 (base 10) to base 11
31776
13976 (base 14) to base 16
bd84
56242 (base 7) to base 12
8267
What is 23b0 (base 12) in base 5?
112040
What is 14330 (base 5) in base 11?
a05
What is 1503 (base 8) in base 15?
3aa
12515 (base 7) to base 15
ece
45 (base 13) to base 10
57
What is -131 (base 9) in base 7?
-214
50b (base 14) to base 12
6a7
Convert 121523 (base 6) to base 5.
321104
Convert 492 (base 15) to base 5.
13122
What is -1011111111010110 (base 2) in base 16?
-bfd6
What is -540 (base 13) in base 14?
-481
Convert 7c7 (base 15) to base 12.
102a
Convert -5653 (base 11) to base 5.
-214224
What is -1020a (base 11) in base 16?
-3a2d
What is 223 (base 6) in base 2?
1010111
3a76 (base 11) to base 15
1876
What is -12002 (base 5) in base 2?
-1101101101
-18e (base 15) to base 3
-111022
-443 (base 6) to base 15
-b6
636 (base 8) to base 10
414
What is 2011 (base 3) in base 9?
64
What is 222100 (base 4) in base 14?
db2
What is -346 (base 8) in base 11?
-19a
What is -20233 (base 6) in base 7?
-10554
What is 745 (base 12) in base 10?
1061
Convert 1001001 (base 2) to base 4.
1021
What is 13b2 (base 15) in base 11?
3194
Convert -32010 (base 5) to base 4.
-201102
Convert 1210013 (base 4) to base 6.
45355
What is -2222 (base 5) in base 3?
-102120
214b (base 15) to base 14
27d4
277 (base 10) to base 16
115
-18d0 (base 14) to base 15
-14e9
-12212100 (base 3) to base 2
-1000010110011
What is 425 (base 11) in base 2?
111111111
-112210021 (base 3) to base 4
-2220130
Convert 810 (base 11) to base 3.
1100021
Convert -10010111 (base 2) to base 10.
-151
Convert -6113 (base 12) to base 13.
-4a3a
What is -2394 (base 10) in base 8?
-4532
Convert -305c (base 13) to base 8.
-15014
1211001 (base 3) to base 2
10100101100
Convert 24 (base 5) to base 12.
12
What is 125 (base 14) in base 9?
274
-116166 (base 7) to base 6
-242523
What is 111100110100 (base 2) in base 15?
1247
Convert -10404 (base 5) to base 2.
-1011011001
354 (base 15) to base 7
2125
What is -332462 (base 7) in base 3?
-2222022112
What is -299 (base 10) in base 5?
-2144
12d3 (base 14) to base 7
12453
What is 8880 (base 11) in base 3?
121001111
Convert 3e99 (base 16) to base 8.
37231
6542 (base 7) to base 12
1425
Convert -716a (base 16) to base 14.
-a81c
Convert 1363 (base 7) to base 6.
2251
What is 1102011 (base 3) in base 8?
2006
What is -50 (base 7) in base 2?
-100011
What is -a31 (base 13) in base 5?
-23410
What is 886 (base 12) in base 8?
2346
What is 1341235 (base 6) in base 13?
28481
What is -65130 (base 10) in base 7?
-360612
What is 165 (base 11) in base 3?
21010
What is 11545 (base 7) in base 12?
18ba
-37334 (base 9) to base 8
-60744
132521 (base 6) to base 2
11000000000001
13023 (base 8) to base 12
332b
What is 1067 (base 15) in base 9?
4677
2530 (base 6) to base 12
446
44738 (base 11) to base 13
2363a
What is -1123031 (base 4) in base 12?
-3465
-20003 (base 6) to base 11
-1a4a
Convert 1200222012 (base 3) to base 10.
33512
What is -123023 (base 5) in base 3?
-20112102
What is 4540 (base 7) in base 6?
11341
Convert -c17 (base 15) to base 8.
-5242
What is -1010122110 (base 3) in base 4?
-11131011
-1410 (base 8) to base 9
-1052
Convert -431 (base 15) to base 10.
-946
2122 (base 7) to base 6
3251
30031 (base 4) to base 13
481
Convert -4312 (base 15) to base 11.
-a732
What is -1100011101110 (base 2) in base 11?
-4882
What is -220003 (base 4) in base 5?
-40223
What is -221000010 (base 3) in base 10?
-18228
Convert -22351 (base 9) to base 4.
-3220111
What is -2204 (base 12) in base 4?
-322210
-2023 (base 5) to base 15
-128
What is 18b (base 12) in base 7?
506
What is 51985 (base 10) in base 4?
30230101
2e4 (base 16) to base 8
1344
What is -551 (base 11) in base 4?
-22111
Convert -1736 (base 11) to base 4.
-202221
-2510 (base 6) to base 11
-512
Convert -112012001 (base 3) to base 11.
-7852
What is -a988 (base 11) in base 6?
-151035
-19031 (base 10) to base 6
-224035
Convert 4c0 (base 15) to base 16.
438
-42144 (base 6) to base 13
-277c
Convert 36 (base 7) to base 9.
30
-1401 (base 6) to base 3
-111101
What is f95 (base 16) in base 15?
12ae
Convert -11101110 (base 3) to base 11.
-2448
Convert 304232 (base 5) to base 4.
2123112
What is -20222 (base 3) in base 2?
-10111100
Convert 20221031 (base 4) to base 14.
cc8d
117058 (base 9) to base 16
1146e
Convert -3013002 (base 4) to base 8.
-30702
What is -2316 (base 7) in base 15?
-3b6
What is 61b (base 12) in base 16?
377
732 (base 8) to base 6
2110
-10400 (base 13) to base 5
-1413422
What is 560 (base 7) in base 2?
100011111
Convert 11514 (base 6) to base 9.
2301
What is -110011100 (base 2) in base 6?
